 + 273939. Suppose 5*g = -0*g + 25. Let n = 2 - g. Determine w(n).
8
Let m(q) be the first derivative of -q**2/2 - 25*q + 50. Determine m(-16).
-9
Let f(r) = -r**2 - 3*r + 5. Let d(t) = 2*t + 20. Let x be d(5). Suppose 0*j = -6*j - x. Calculate f(j).
-5
Suppose -4*a - 5*x = 355, -2*x + 6*x - 20 = 0. Let r = a + 90. Let n(t) = -t**2 - t. Let o(d) = 4*d**2 + 8*d - 6. Let c(f) = 3*n(f) + o(f). Determine c(r).
-6
Let v(f) = -2*f**2 - 3*f - 3. Let b = 83 - 121. Let z = b - -36. Give v(z).
-5
Let g be (-5)/(20/8)*-1. Let x be (4 - g) + -1 + 1. Let k = -8 + x. Let m(f) = f**2 + 7*f + 2. What is m(k)?
-4
Suppose 4*b + 26 = 2*j, -17*b - 2*j = -19*b - 8. Let s(i) = -i**3 - 8*i**2 + 8*i - 3. Calculate s(b).
6
Let k(v) = v**2. Let i = 542 + -538. Calculate k(i).
16
Let i(f) be the first derivative of -f**4 - 2*f**3/3 - 2*f**2 - 3*f - 34. Calculate i(-2).
29
Let j(y) be the third derivative of y**4/12 + y**3/2 - y**2 - 67. Calculate j(2).
7
Let l(u) = 5*u**2 - 2*u + 1. Let b be l(1). Let s = 210 - 203. Suppose s = -b*v - 1. Let c(g) = -g**3 - g**2 - 3*g - 1. Calculate c(v).
9
Let m(h) = h**3 + h**2 + 4. Let k(d) = -3*d**3 - 4*d**2 - d - 13. Let x(j) = 2*k(j) + 7*m(j). Let y = -238 + 241. Determine x(y).
14
Let d(r) = -4*r + 12. Let m(l) = l - 3. Let k(x) = -2*d(x) - 9*m(x). Let g be k(-1). Let y(c) = 4*c - c**2 + 0*c**2 - 5*c**2 + 4 + c**3. What is y(g)?
-12
Let v(m) = 2*m + 3. Let i(s) = s**3 + 5*s**2 - 6*s - 4. Suppose 2 + 4 = -l. Let t be i(l). What is v(t)?
-5
Let g be (-7 - 3)/(2*-1). Let y(r) = -r**2 + r + 4. Calculate y(g).
-16
Let z(t) be the first derivative of 5*t**2/2 + 13*t + 291. Calculate z(-8).
-27
Let p(x) = x**3 + 2*x**2 + 2*x - 2. Let l(i) = 3*i + 18. Let u be l(-6). Suppose u = -3*s + 121 - 31. Let t be (-12)/s*10/2. Give p(t).
-6
Suppose -8*y - 30 = 10. Let t(a) be the second derivative of -a**5/20 - a**4/2 - a**3/3 + 3*a**2 - 21*a. Give t(y).
-9
Let n = 10 + -7. Let g(x) = 6*x**2 + x**2 - 4 - 9*x**2 - x + 0*x**n + x**3. Determine g(3).
2
Let o = 41 + -48. Let d = o + 1. Let p(w) = w**3 + 7*w**2 + 10*w + 6. What is p(d)?
-18
Let u(d) = -d**3 + 6*d**2 - 2*d + 11. Let o(h) = 9*h**2 - 53*h. Let b be o(6). Calculate u(b).
-1
Let m(j) be the first derivative of -j**4/4 + 4*j**3 - 6*j - 21. Determine m(12).
-6
Let q(n) = -n**2 - 6*n - 1. Suppose -y - 14 = 2*y + u, -2*y + 5*u + 19 = 0. What is q(y)?
8
Let l(r) = -r**3 + 12*r**2 - 9*r - 14. Let m(v) = 9*v - 493. Let g be m(56). Calculate l(g).
8
Let n = -82 - -82. Let l(i) = i**2 - i - 18. Give l(n).
-18
Suppose 0 = -4*m + 5*j + 28, 0*m + m - j - 6 = 0. Suppose a + 4*a - 4*t = -m, -4*t = a - 14. Suppose -a = 4*c - 6*c. Let f(i) = -10*i - 1. Determine f(c).
-11
Let n(i) be the first derivative of 2 - 1/2*i**2 + 5*i. Let y = 1187 - 1184. Give n(y).
2
Let t(d) = 66 - 102 + d**3 + 47 + 13*d**2. Determine t(-13).
11
Suppose -o - o - 14 = -2*b, 0 = -b - 4*o + 2. Suppose b = 3*q - 0. Let n(a) = 18*a + q*a**3 - 17*a + 10*a**3. Give n(-1).
-13
Let l(s) = -s**3 + 6*s**2 + 1. Let o be (-38)/247 - 80/(-13). What is l(o)?
1
Let n(z) be the second derivative of 7*z + 0 - 3/2*z**2 + 1/2*z**3. Calculate n(2).
3
Let q(k) = 24707 - 12355 - 11*k - 12350. Determine q(-7).
79
Suppose w - w = -2*w. Let j(b) be the second derivative of 1/20*b**5 - 2*b + w + 5/12*b**4 + 0*b**2 + 0*b**3. Calculate j(-5).
0
Let d(k) = 3*k + 22. Let c(v) = 21*v - 51. Let h be c(2). Give d(h).
-5
Let b(j) = j**3 + 7*j**2 + j + 9. Let o(u) = 4*u + 1. Let c be o(5). Suppose -4*a - c = 7. Give b(a).
2
Let a(n) = -5 + 17 + 7*n - 9*n. Calculate a(7).
-2
Let j(a) = a**3 + 22*a**2 + 56*a - 16. Let b be j(-19). Let f(g) = -7. Let m(w) = -w - 15. Let x(i) = 7*f(i) - 3*m(i). Give x(b).
5
Let x(q) = q**2 + 704*q**3 + 1 + 3 - 709*q**3 - 5. Give x(1).
-5
Suppose 3*h - 2 = 4. Let a(v) = 0*v + 7 - 5*v + 4*v - h*v. Suppose 5*u + 13 - 38 = 0. What is a(u)?
-8
Let c(m) = 113*m**2 + 9. Let n(k) = -59*k**2 - 5. Let t(q) = -6*c(q) - 11*n(q). Calculate t(1).
-28
Let d be (1 - 1)/(90 + -82). Let g(u) be the second derivative of 0 + d*u**3 - 5*u - 1/12*u**4 + 1/2*u**2 - 1/20*u**5. Give g(0).
1
Let l(z) = -z**2 - 7*z - 12. Let m = 249 - 254. Give l(m).
-2
Let z(f) = 5*f - 2. Let h = -28 + 30. Let g be 5/(-3)*(4 + -7) - h. Determine z(g).
13
Let l be (51/(-18))/(-1) - (-2)/12. Let a(j) = 9 - 5 - j**l - 17*j**2 + 4 + 9*j**2 + 4*j. What is a(-8)?
-24
Let l be (1 + (-2)/6)*6. Let i(n) be the first derivative of 2*n - 1/2*n**2 + 20 - 1/4*n**4 + 4/3*n**3. What is i(l)?
-2
Let w(y) = -95*y**2 - 2*y - 3 - 7*y + 94*y**2. Let u be (-3705)/513 - (0 + 4/(-18)). Determine w(u).
11
Let m(q) be the second derivative of q**3/6 - 5*q**2/2 - 7*q. What is m(9)?
4
Suppose 2*t = g - 1, -g + 10 = 3*g - 2*t. Let o be 1 - (-5 + 1) - g. Let z(r) = -r**2 + 3*r - 2. Determine z(o).
0
Let k be (3 - (-258)/(-36)) + (-4)/(-24). Let l(v) = 7 - v**3 - 3*v**2 + v - 4 - 6. What is l(k)?
9
Let v(l) = 3*l - 1. Let k(n) = -13*n + 2. Let a(s) = -k(s) - 5*v(s). Determine a(-3).
9
Let y(m) be the second derivative of 1/20*m**5 + 0 + 3/2*m**2 + 0*m**4 + 10*m - 1/3*m**3. Give y(-3).
-18
Let w(z) = -z**2 + 2*z + 4. Suppose -3*n + 13 = -4*o, 24*n - 3*o - 9 = 22*n. Determine w(n).
1
Let j = 41 - 39. Suppose 4*n = -4*z + 27 - 11, 0 = -n + j*z + 10. Let m(y) = y - 8. Determine m(n).
-2
Let r(y) = -5*y**2 + 8*y - 5. Let u(f) = -8*f**2 + 9*f - 6. Let q(k) = -3*r(k) + 2*u(k). Calculate q(-3).
12
Let d(c) = c**2 - 16*c + 39. Let g be d(14). Let u(f) = f**3 - f**2 - f + 5. Let z be u(0). Let v(k) = z*k - g*k - 9 + 5*k. Determine v(0).
-9
Let r(x) = x**2 + 3*x + 2 - 8*x + 10*x. Suppose 5 = 3*i + 17. Calculate r(i).
-2
Suppose -5 = -7*p - 19. Let v(b) = b**3 - b + 2. Give v(p).
-4
Let a(u) = -u**2 - 4. Let s be (-71)/(-9) - (-3)/27. Suppose 0 = s*z - 1 + 33. Determine a(z).
-20
Let t(n) = -n**2 - 9*n + 11. Let u be t(-10). Suppose -10*w = -u + 51. Let d(k) = k**3 + 4*k**2 - 5*k - 2. Determine d(w).
-2
Let q(b) = -b**2 - b + 4. Let m be ((-8)/(-6))/((-11)/(-33)). Suppose 0 = 3*l - m*l. Give q(l).
4
Let r(a) = 7*a**3 + 15*a**2 - 2*a + 2. Let i(s) = 3*s**3 + 7*s**2 - s. Let z(w) = 5*i(w) - 2*r(w). Give z(-4).
16
Let b = -8 - -6. Let j be 7 + -5 + 5 + b. Suppose 3*o - j = 1. Let m(y) = -y**2 + 4*y + 1. What is m(o)?
5
Let v(x) be the third derivative of x**7/60 - x**6/180 + x**4/24 + 2*x**3/3 + 7*x**2. Let s(u) be the first derivative of v(u). Give s(1).
13
Suppose 3*b - 4*d = -b + 12, 5*b - d - 15 = 0. Let h(q) = -9*q - 3. What is h(b)?
-30
Let f(v) = -v**3 + 5*v**2 - 11*v + 14. Let d(k) = -k**3 + 5*k**2 - 10*k + 12. Let g(j) = 6*d(j) - 5*f(j). What is g(3)?
5
Let o(g) = g**3 - 6*g**2 + 6*g - 2. Let a = -10 + 9. Let v be -5*-3*(a + 2). Suppose 0 = 2*j + j - v. Give o(j).
3
Suppose 0 = 3*v + 2*v. Suppose 5*a = n + 8, -2*n = 5*a + n - 16. Let r(l) = -14 - 2*l**a + 18 + 5*l**2 - l - 4*l**2. Determine r(v).
4
Let m(c) = -c - 8. Let h(f) = 1. Let v(s) = 24*h(s) + 3*m(s). Let r(t) = t - 1. Let d be r(0). Calculate v(d).
3
Suppose -3*j + x + 25 = 0, 4*j + 0*x + 2*x = 30. Suppose -13 + j = -h + 2*p, 3*p = -3*h - 21. Let f(c) = -4*c**2 - c. Calculate f(h).
-33
Let l be ((-2)/4)/(((-33)/(-36))/(-11)). Let u(s) = s - 14. Determine u(l).
-8
Let i(z) = -z**2 - 8*z - 5. Let b be i(-6). Let f be (-2)/3*21/2. Let r = f + b. Let o(c) = c**2 - c + 2. What is o(r)?
2
Let f(u) = -u**2 + 3*u - 10. Let m(j) = -4*j**2 + 12*j - 43. Let o(i) = -9*f(i) + 2*m(i). Determine o(7).
32
Let v = -81 - -73. Let a be (-637)/(-117) + v/18. Let c(p) = -p**3 + 4*p**2 + 2*p + 2. What is c(a)?
-13
Let g(p) = -2*p - 1. Let v(k) = -2*k**2 - 41*k - 64. Let j(i) = i**2 + 21*i + 31. Let h(w) = -5*j(w) - 3*v(w). Let l be h(-15). Calculate g(l).
15
Let s(g) = 6*g - 5 + g**2 + 3*g - 4*g. Suppose 2*b = 0, -11*m + 9*m = -4*b - 10. Suppose -4*n + m*y + 1 - 6 = 0, 0 = 5*n - 5*y + 10. Determine s(n).
-5
Let j(y) be the third derivative of -y**7/2520 - y**6/240 - y**5/120 - 19*y**4/24 - 7*y**2. Let z(p) be the second derivative of j(p). What is z(-3)?
-1
Suppose 4*l = 11 + 13. Let u(r) = -7*r - 12*r**2 + 60 - 58 + 13*r**2. Calculate u(l).
-4
Let o(k) be the first derivative of 2*k**2 - 4*k - 161. Give o(5).
16
Let a(p) = -4*p + 6. Let n = 26 + -24. Suppose 5*t - 95 = -3*w, 0 = -3*t + n*w - 7 + 45. Suppose 4*d = t + 8. Calculate a(d).
-18
Let v(w) = -2*w**2 - 3*w**3 +